11750?
2, 5, 47
What are the prime factors of 244754?
2, 53, 2309
What are the prime factors of 5286624?
2, 3, 7, 7867
What are the prime factors of 490778?
2, 245389
List the prime factors of 25773356.
2, 7, 920477
What are the prime factors of 110140?
2, 5, 5507
List the prime factors of 4611076.
2, 47, 24527
List the prime factors of 257374.
2, 13, 19, 521
What are the prime factors of 122268?
2, 3, 23, 443
List the prime factors of 1190836.
2, 463, 643
List the prime factors of 3597487.
3597487
What are the prime factors of 1446755?
5, 19, 97, 157
What are the prime factors of 430088?
2, 37, 1453
List the prime factors of 1052272.
2, 13, 5059
List the prime factors of 314636.
2, 7, 17, 661
What are the prime factors of 31615138?
2, 17, 443, 2099
What are the prime factors of 8495552?
2, 13, 10211
What are the prime factors of 182801?
17, 10753
List the prime factors of 210799.
71, 2969
What are the prime factors of 5341322?
2, 7, 381523
What are the prime factors of 17913?
3, 7, 853
What are the prime factors of 810725?
5, 32429
List the prime factors of 2069507.
11, 188137
List the prime factors of 3427528.
2, 13, 32957
What are the prime factors of 1556867?
13, 119759
What are the prime factors of 204214?
2, 102107
What are the prime factors of 905815?
5, 29, 6247
List the prime factors of 9355208.
2, 1169401
List the prime factors of 12291882.
2, 3, 29, 41, 1723
What are the prime factors of 2065668?
2, 3, 11, 15649
What are the prime factors of 405258?
2, 3, 7, 9649
List the prime factors of 448897.
47, 9551
What are the prime factors of 4500288?
2, 3, 13, 601
What are the prime factors of 1951551?
3, 7, 30977
What are the prime factors of 29983531?
53, 565727
What are the prime factors of 6531534?
2, 3, 362863
List the prime factors of 157466.
2, 43, 1831
List the prime factors of 10691632.
2, 7, 95461
What are the prime factors of 435169?
7, 83, 107
What are the prime factors of 1463269?
1123, 1303
List the prime factors of 671815.
5, 134363
What are the prime factors of 2941994?
2, 11, 12157
List the prime factors of 180882.
2, 3, 13, 773
List the prime factors of 1659294.
2, 3, 7, 13, 1013
List the prime factors of 990978.
2, 3, 23, 43, 167
List the prime factors of 1083085.
5, 216617
What are the prime factors of 1721996?
2, 430499
List the prime factors of 27776934.
2, 3, 389, 3967
List the prime factors of 245921.
13, 18917
What are the prime factors of 5118935?
5, 29, 43, 821
List the prime factors of 383531.
421, 911
List the prime factors of 16988444.
2, 11, 23, 16787
What are the prime factors of 979332?
2, 3, 81611
List the prime factors of 352016.
2, 7, 449
What are the prime factors of 272458?
2, 23, 5923
List the prime factors of 4109603.
433, 9491
List the prime factors of 1503798.
2, 3, 41, 6113
List the prime factors of 2721797.
13, 23, 9103
What are the prime factors of 65205?
3, 5, 7, 23
List the prime factors of 6052126.
2, 29, 104347
What are the prime factors of 832422?
2, 3, 17, 8161
List the prime factors of 714609.
3, 7, 19, 199
What are the prime factors of 185128?
2, 73, 317
What are the prime factors of 132248?
2, 61, 271
What are the prime factors of 1057159?
601, 1759
What are the prime factors of 23547414?
2, 3, 11, 17, 31, 677
What are the prime factors of 184165?
5, 36833
What are the prime factors of 10133294?
2, 23, 43, 47, 109
What are the prime factors of 11361705?
3, 5, 683, 1109
List the prime factors of 165438.
2, 3, 7, 13, 101
List the prime factors of 3160116.
2, 3, 41, 2141
List the prime factors of 5006.
2, 2503
List the prime factors of 6628072.
2, 11, 109, 691
List the prime factors of 330290.
2, 5, 33029
What are the prime factors of 1195926?
2, 3, 199321
List the prime factors of 6007749.
3, 11, 17, 10709
List the prime factors of 1164178.
2, 709, 821
List the prime factors of 2333963.
397, 5879
List the prime factors of 44016.
2, 3, 7, 131
List the prime factors of 490673.
43, 11411
What are the prime factors of 64042?
2, 11, 41, 71
List the prime factors of 1114623.
3, 271, 457
List the prime factors of 3182367.
3, 19, 31, 1801
What are the prime factors of 91885?
5, 17, 23, 47
What are the prime factors of 1620830?
2, 5, 109, 1487
What are the prime factors of 210070?
2, 5, 7, 3001
List the prime factors of 4031670.
2, 3, 5, 23, 5843
What are the prime factors of 1497687?
3, 499229
What are the prime factors of 13530188?
2, 7, 483221
List the prime factors of 716309.
11, 65119
What are the prime factors of 5873786?
2, 23, 127691
List the prime factors of 336302.
2, 168151
What are the prime factors of 399941?
399941
List the prime factors of 924751.
924751
List the prime factors of 899674.
2, 17, 47, 563
What are the prime factors of 73118?
2, 36559
List the prime factors of 158155.
5, 47, 673
List the prime factors of 27007.
113, 239
List the prime factors of 174669.
3, 11, 67, 79
What are the prime factors of 296961?
3, 7, 79, 179
What are the prime factors of 21742071?
3, 13, 557489
What are the prime factors of 90811?
7, 12973
What are the prime factors of 3237?
3, 13, 83
List the prime factors of 4573490.
2, 5, 19, 24071
List the prime factors of 633822.
2, 3, 7, 15091
What are the prime factors of 7662926?
2, 127, 30169
List the prime factors of 166488.
2, 3, 7, 991
List the prime factors of 453505.
5, 13, 6977
List the prime factors of 21235.
5, 31, 137
What are the prime factors of 574783?
11, 52253
List the prime factors of 1043219.
853, 1223
List the prime factors of 1336007.
31, 71, 607
What are the prime factors of 105215?
5, 11, 1913
List the prime factors of 2726747.
19, 143513
List the prime factors of 370551.
3, 123517
List the prime factors of 828640.
2, 5, 5179
List the prime factors of 3845715.
3, 5, 23, 71, 157
What are the prime factors of 6564326?
2, 3282163
What are the prime factors of 501859?
31, 16189
What are the prime factors of 409126?
2, 204563
What are the prime factors of 9478003?
71, 133493
List the prime factors of 913442.
2, 29, 15749
List the prime factors of 25046033.
521, 48073
What are the prime factors of 1925475?
3, 5, 25673
List the prime factors of 151435.
5, 31, 977
List the prime factors of 3915886.
2, 13, 150611
What are the prime factors of 768648?
2, 3, 32027
List the prime factors of 6350645.
5, 7, 23
List the prime factors of 19194894.
2, 3, 47, 2521
What are the prime factors of 2010974?
2, 7, 379
What are the prime factors of 583114?
2, 7, 41651
What are the prime factors of 291285?
3, 5, 6473
List the prime factors of 1284018.
2, 3, 214003
What are the prime factors of 16919951?
1217, 13903
What are the prime factors of 70815?
3, 5, 4721
List the prime factors of 5625157.
5625157
What are the prime factors of 2689747?
2689747
List the prime factors of 11984278.
2, 569, 10531
What are the prime factors of 31789311?
3, 10596437
List the prime factors of 2850962.
2, 1425481
List the prime factors of 438267.
3, 139, 1051
List the prime factors of 10413841.
10413841
What are the prime factors of 4717010?
2, 5, 569, 829
List the prime factors of 12450899.
211, 59009
What are the prime factors of 62640?
2, 3, 5, 29
What are the prime factors of 3068216?
2, 383527
List the prime factors of 10691471.
7, 19, 80387
List the prime factors of 2139077.
19, 112583
What are the prime factors of 21999670?
2, 5, 7, 11, 28571
List the prime factors of 2660670.
2, 3, 5, 17, 37, 47
What are the prime factors of 226091?
107, 2113
List the prime factors of 7433542.
2, 3716771
What are the prime factors of 2711007?
3, 13, 17, 29, 47
What are the prime factors of 3550172?
2, 887543
What are the prime factors of 1000286?
2, 7, 59, 173
What are the prime factors of 456746?
2, 43, 47, 113
What are the prime factors of 19715177?
227, 86851
List the prime factors of 201240.
2, 3, 5, 13, 43
What are the prime factors of 894307?
599, 1493
List the prime factors of 241851.
3, 19, 4243
What are the prime factors of 14563796?
2, 13, 47, 59, 101
List the prime factors of 4738.
2, 23, 103
List the prime factors of 564463.
564463
List the prime factors of 2310138.
2, 3, 128341
List the prime factors of 16903.
16903
What are the prime factors of 1684905?
3, 5, 112327
What are the prime factors of 646202?
2, 323101
List the prime factors of 15744575.
5, 7, 11, 8179
L